 - -1023?
223
In base 12, what is -1 + 1246b?
1246a
In base 16, what is -3 + 2036c?
20369
In base 5, what is 11010342 + -1?
11010341
In base 10, what is 854 - -587?
1441
In base 13, what is -1 + 358380?
35837c
In base 11, what is -4 + -136273?
-136277
In base 10, what is -11863 - 0?
-11863
In base 12, what is -ba + 98b?
891
In base 15, what is -1a7b4 - 1?
-1a7b5
In base 2, what is 1101010100111010000 + 100?
1101010100111010100
In base 2, what is -101 + -11111000101?
-11111001010
In base 2, what is -10101101111111 - -1111?
-10101101110000
In base 13, what is -139b + -155?
-1523
In base 6, what is -441 - 421454?
-422335
In base 8, what is -123 + 72?
-31
In base 14, what is 12 + 51bc1?
51bd3
In base 4, what is -103020103 + -1?
-103020110
In base 16, what is -14d + -6e3?
-830
In base 11, what is -1 - 551a3?
-551a4
In base 11, what is -8559 + -67?
-8615
In base 13, what is -5aa - -7?
-5a3
In base 7, what is 432612 - -4?
432616
In base 10, what is 232559 - -2?
232561
In base 10, what is -1 + -5131?
-5132
In base 16, what is 19e - 12?
18c
In base 6, what is -1125343 - -5?
-1125334
In base 10, what is -41104 + 12?
-41092
In base 6, what is 3 - 1235243?
-1235240
In base 12, what is 4 - 81108?
-81104
In base 2, what is -1000001 + -1000000010?
-1001000011
In base 2, what is 101101110110 - -101000111001?
1010110101111
In base 15, what is 2e + 3dcb?
3e0a
In base 14, what is -6 - 3059?
-3061
In base 4, what is -3200131102 + 2?
-3200131100
In base 10, what is 2665 + 13?
2678
In base 11, what is -2438 - 8?
-2445
In base 16, what is 708b3 + -1?
708b2
In base 3, what is 111 - -20202?
21020
In base 5, what is 21 - -411234?
411310
In base 5, what is -102322013 - 10?
-102322023
In base 8, what is -2 + 2251315?
2251313
In base 11, what is -953861 + -5?
-953866
In base 15, what is -1 + -bc758?
-bc759
In base 14, what is -97 + 8a6?
80d
In base 8, what is 26 - 273?
-245
In base 10, what is -2 + 197786?
197784
In base 8, what is 5 - -4160245?
4160252
In base 4, what is -13001111 - -21?
-13001030
In base 15, what is -373 + 3aa?
37
In base 16, what is -6a + -308?
-372
In base 13, what is 509 - -253?
75c
In base 8, what is -276 + 5305?
5007
In base 14, what is -6d1c0 + 4?
-6d1ba
In base 14, what is 53 - d1?
-7c
In base 10, what is -156 - 96?
-252
In base 2, what is 10100001 - -101101000?
1000001001
In base 3, what is -10 - -221112120102?
221112120022
In base 10, what is 8 - 11936?
-11928
In base 13, what is 80 + -cbb?
-c3b
In base 6, what is -23414 - 14254?
-42112
In base 4, what is 13031223 - -3?
13031232
In base 13, what is -4b1 - -1?
-4b0
In base 10, what is 0 - -37126?
37126
In base 12, what is -4 - -215b7?
215b3
In base 12, what is 134 + -4126?
-3bb2
In base 13, what is -10819 + -83?
-1089c
In base 13, what is -1a8 - 285?
-460
In base 4, what is 10 - -11032101?
11032111
In base 2, what is 10010000100 - -1101110?
10011110010
In base 6, what is -3311 - -314?
-2553
In base 12, what is -4 - 77014?
-77018
In base 6, what is 12143341 + 0?
12143341
In base 6, what is 0 + -120442?
-120442
In base 16, what is 80 + -3a06?
-3986
In base 7, what is 1120351 + 14?
1120365
In base 16, what is -440f + b?
-4404
In base 16, what is -2e + da7?
d79
In base 15, what is 1517 + 3?
151a
In base 11, what is 1 - -2656?
2657
In base 16, what is 3f - -16f1?
1730
In base 13, what is -5a428 - -5?
-5a423
In base 13, what is -590 + 15?
-578
In base 11, what is -154 - -836?
692
In base 4, what is 313 - -3000?
3313
In base 10, what is -13913 + -29?
-13942
In base 14, what is b0c8 + 8?
b0d2
In base 11, what is -59 + -14?
-72
In base 7, what is -4413 + 1?
-4412
In base 16, what is 28c2 + 2?
28c4
In base 8, what is 25215 + -6?
25207
In base 13, what is 49988 + 2?
4998a
In base 6, what is -1 + 1233330?
1233325
In base 16, what is -3 + -16?
-19
In base 10, what is 0 - 2824?
-2824
In base 14, what is 9822 - -10?
9832
In base 12, what is -b + -326?
-335
In base 15, what is 5 + -1854?
-184e
In base 8, what is 4356 + 64?
4442
In base 8, what is 217071 - 23?
217046
In base 8, what is -16 + -2004?
-2022
In base 15, what is -1 + -12598?
-12599
In base 14, what is 2 + 3b162?
3b164
In base 9, what is 27037 + 3?
27041
In base 4, what is -1012221 + -2033?
-1020320
In base 10, what is 4928 - 244?
4684
In base 4, what is -21 + 31011?
30330
In base 5, what is -13 + -424142?
-424210
In base 12, what is 2b05 - -9?
2b12
In base 4, what is -330 + -322102?
-323032
In base 14, what is 0 + 367a?
367a
In base 8, what is -474 - -1603?
1107
In base 2, what is 100110 + 10100111000110010?
10100111001011000
In base 14, what is 6c + 1535?
15a3
In base 4, what is -121 + 13121?
13000
In base 15, what is b + 2c?
38
In base 7, what is -26016 - -1460?
-24226
In base 6, what is 2531 - -153?
3124
In base 6, what is 4452352 + -5?
4452343
In base 8, what is 147 - -1666?
2035
In base 11, what is -78 + -939?
-a06
In base 5, what is -11 + 2120212?
2120201
In base 12, what is -5 + 9284?
927b
In base 2, what is -1001001 + -101111101?
-111000110
In base 6, what is 10055 + -10034?
21
In base 14, what is 3d2768 + -4?
3d2764
In base 12, what is 41 + -b389?
-b348
In base 11, what is -13074 - 1?
-13075
In base 16, what is -222fd - b?
-22308
In base 5, what is -4 - 132332?
-132341
In base 10, what is -52 + 35?
-17
In base 13, what is -1 - 5a53?
-5a54
In base 14, what is -12 - -172a?
1718
In base 7, what is 105 + -315364?
-315256
In base 5, what is 1310 - 101441?
-100131
In base 7, what is 456 - -10?
466
In base 12, what is -1a76 + -76?
-1b30
In base 14, what is 16c + 3?
171
In base 3, what is 1200 - -1022112?
1101012
In base 15, what is -1c - ee3?
-1010
In base 12, what is -740 - -91?
-66b
In base 3, what is -1 - -2221012221?
2221012220
In base 4, what is 32322010 - -2102?
32330112
In base 2, what is -101001100 - -10010?
-100111010
In base 11, what is -4 + -5880?
-5884
In base 6, what is -1513 - -43?
-1430
In base 12, what is 613 - -957?
136a
In base 12, what is 18b54 + -28?
18b28
In base 8, what is -11626 - -76?
-11530
In base 8, what is -1243 + -53?
-1316
In base 7, what is -24 + 352204?
352150
In base 4, what is -11113222013 + -10?
-11113222023
In base 14, what is 26ac2 + 4?
26ac6
In base 5, what is -21 + -122144?
-122220
In base 16, what is c5 + 13?
d8
In base 7, what is 244 - 22021?
-21444
In base 16, what is 1877 + b9?
1930
In base 2, what is -10100 - -101110011100?
101110001000
In base 12, what is -3492b + -2b?
-3495a
In base 12, what is -b61 + -1?
-b62
In base 14, what is 99c - 287?
715
In base 12, what is 1a8a + 7?
1a95
In base 2, what is -11111010011 - 111011?
-100000001110
In base 9, what is 276643 - -2?
276645
In base 9, what is 1 + 23204?
23205
In base 11, what is 309246 + -3?
309243
In base 12, what is 376b8 + 2?
376ba
In base 9, what is 770623 - 2?
770621
In base 13, what is -a863 - 2?
-a865
In base 9, what is 3367451 + -2?
3367448
In base 16, what is 1 + 3183?
3184
In base 9, what is 7140 - -41?
7181
In base 13, what is -8793 + -8c?
-8852
In base 11, what is 5 - -310562?
310567
In base 9, what is 5 - 5454?
-5448
In base 15, what is -5 - aee1c?
-aee22
In base 4, what is 3 - 23032230?
-23032221
In base 11, what is 88220 - -5?
88225
In base 2, what is 111 + -101010000100?
-101001111101
In base 15, what is -7ae42 + 5?
-7ae3c
In base 11, what is -76a + 43?
-727
In base 16, what is 1123 - -4?
1127
In base 16, what is 7775 - 4?
7771
In base 14, what is -503 + -65?
-568
In base 4, what is 22000301 + 3?
22000310
In base 8, what is 40706 + 2?
40710
In base 8, what is -31744 + -14?
-31760
In base 16, what is 4385 - -2?
4387
In base 8, what is 2017467 - -4?
2017473
In base 13, what is 4 + 1a84?
1a88
In base 6, what is -105 - -30210?
30101
In base 4, what is 220312 + 121?
221033
In base 3, what is -202120210 - 101?
-202121011
In base 8, what is -16 - -12043?
12025
In base 15, what is -1 - 6d09?
-6d0a
In base 5, what is -1044 - -44403?
43304
In base 8, what is 2 + 6560?
6562
In base 16, what is 5 + 18c3?
18c8
In base 15, what is -6ec7 - 8?
-6ed0
In base 8, what is 27773 + -64?
27707
In base 11, what is -3 + -1128?
-1130
In base 7, what is 101350 + 4?
101354
In base 10, what is -5981 - -6?
-5975
In base 6, what is -14012225 - 12?
-14012241
In base 13, what is 6b60 + 5?
6b65
In base 4, what is 2303203 - -10?
2303213
In base 9, what is -1 - 575552?
